o + 11, 2*r + w*o - 5*o - 29 = 0. What is the units digit of r?
6
Let c(t) = -3*t**3 + 2*t**2 - 1. Let o be c(1). Let m be 2 + o - (-6)/1. What is the units digit of (4/2)/(3/m)?
4
Let m be 6/(-9)*-3*2. Let y(t) = t - 5. Let i be y(m). Let z = i - -8. What is the units digit of z?
7
Let l(k) = 2*k + 69. What is the units digit of l(-10)?
9
Suppose -u - 2 + 1 = 0. Let n(c) = 6*c + 1. Let m be n(u). What is the tens digit of 16/m*(-2 + -3)?
1
Let q = -11 - -7. Let f(r) = r**2 + 4*r - 3. Let j be f(q). Let y = j - -4. What is the units digit of y?
1
Let t be 2/(-2 + (-15)/(-8)). What is the units digit of (1/(-2))/(4/t)?
2
Suppose -2*s + 9 = -3. Let j = s - 4. Suppose -6 = j*m + 2*u, -4*m + u = -1 - 12. What is the units digit of m?
2
Suppose -2*u + 171 = 5*z - 39, 2*u + 42 = z. What is the tens digit of z?
4
Suppose 3*d - 26 = 31. What is the tens digit of d?
1
What is the tens digit of (-16 - -20) + (0 - -126)?
3
Let x = 43 + 76. What is the tens digit of x?
1
Suppose -2*z - 8 = -52. What is the units digit of z?
2
Let m = 51 + 17. What is the units digit of m?
8
Let h(x) = 11*x + 5. Let t(g) = 6*g + 2. Let d(i) = -3*h(i) + 5*t(i). Suppose 2 = -2*p + 3*m - 5*m, -2*p + m - 11 = 0. What is the units digit of d(p)?
7
Suppose 4*b - 4 = 3*b, 5*s - 130 = -5*b. What is the tens digit of s?
2
Let j be -15 + (0/(-2))/(-1). Let h = j + 25. What is the tens digit of h?
1
Suppose -2*g = 17 - 3. Let o be (-2)/7 - 23/g. Suppose -o*a = -2*l - 0*l + 8, -3*a - 29 = -5*l. What is the units digit of l?
7
Let o(z) = -z**2 - 4*z + 2. Let l be o(-6). Let k = 4 - l. What is the units digit of k?
4
Suppose 13*f - 4566 + 1121 = 0. What is the hundreds digit of f?
2
Let o = -42 - -60. Let u be (-4)/o - 195/(-27). What is the units digit of u*(1 + 5/7)?
2
What is the tens digit of -3 + (2/(-4))/(1/(-122))?
5
Suppose 20 = -0*o + o. What is the units digit of o?
0
Let u(k) = -4*k**2 - 1. Let l be u(-1). Let q = l - -7. What is the units digit of q?
2
Let c(a) = -3*a + 1. Let d be c(4). What is the tens digit of 963/33 - (-2)/d?
2
What is the units digit of -1*-2*(3 + 8)?
2
Let p be (-4)/2*(-2)/1. Suppose 2*u = -v + 6, -p*u + 10 = v + 2*v. Suppose j + j = u. What is the units digit of j?
2
Suppose 5*n = -0*n + 15. Suppose -n*r = -4*r + 5. Suppose -5*j + r + 15 = 0. What is the units digit of j?
4
Let r(h) = 2*h. Let w be r(-4). Let g(o) = o**3 + 7*o**2 - 12*o - 11. What is the units digit of g(w)?
1
Let i = -4 - 27. Let g = i - -91. Suppose -g = -5*c + 5*q, 3*c + q - 38 = -c. What is the tens digit of c?
1
Let j = 14 - -2. Suppose -3*i = -3*p + 90, 3*p + 4*i = 113 - j. What is the tens digit of p?
3
Suppose p + 2*v = -v + 7, 5*p + 5*v = 35. What is the units digit of p?
7
Let d be 1 + -1 - (-1 - -2). Let h be ((-3)/d - 2)*0. Suppose -3*u - 1 + 13 = h. What is the units digit of u?
4
Let l = 25 + -16. Suppose 0 = -3*p - 0*p + l. Suppose 0 = 4*v + 2*k - 30, 4*v + 0*k + p*k - 33 = 0. What is the units digit of v?
6
Let a = -16 - -81. Suppose -x - a = -3*r, -5*x - 62 = -3*r - x. What is the tens digit of r?
2
Suppose -j + 5*j = 0. Suppose 5*q = 5*v - 20, j = -v - 0*q - 3*q + 4. What is the units digit of v?
4
Suppose -29 + 1 = -s. What is the tens digit of s?
2
Let g be (0 + -9)/(-3) - -1. Suppose g*y - 43 - 13 = 0. What is the units digit of y?
4
What is the units digit of 612/16 - 1/4?
8
Let x(z) = -z**2. Let y(f) = f**2 - 9*f - 6. Let k(m) = -2*x(m) - y(m). Let s be k(-4). What is the units digit of s*(3/2 - 2)?
7
Let o(b) = -7*b. Let n be 0*(-3)/9 - -2. Suppose n*x + 3*x = -5. What is the units digit of o(x)?
7
Let s = -24 + 17. What is the tens digit of 6 - 2 - s*6?
4
Let y be 2 - 2/(-1 + 3). Let f(k) = k - 2*k + y + 12*k. What is the tens digit of f(1)?
1
Let u(v) be the third derivative of -v**4/8 - v**3/3 + v**2. What is the tens digit of u(-4)?
1
Suppose -5*z + 2*f + 21 = 0, 4*z - 10 = -f - 1. Suppose -z*x - 3*a = -18, 5*x - 15 = -4*a + 10. What is the units digit of (-5)/(-1) + -1 - x?
3
Suppose -12 = 2*z - 6*z. Suppose 0 = -7*m + z*m + 16. What is the units digit of m?
4
Let h(j) = -j**3 - 5*j**2 - 3*j + 5. Suppose 2*d - 18 = 4*d + 5*u, d - 3*u - 2 = 0. What is the units digit of h(d)?
1
What is the units digit of 3*(-1 + 40/2)?
7
Suppose 5*g - 12 = g. Suppose 0 = f + 4*c - 4 - g, 4*f - 45 = c. Suppose 5*k + 18 = -2*p, -3*p + k = -k - f. What is the units digit of p?
1
Let i = 19 - -100. What is the tens digit of i?
1
Let s(g) = 13*g - g + g - 6. What is the units digit of s(3)?
3
Suppose -3*g - 17 = -53. What is the units digit of g?
2
Let l = -9 + 12. What is the units digit of (-6)/l + (-11)/(-1)?
9
Suppose 3*l - 6*l + 90 = 0. What is the tens digit of l?
3
Let l(w) = -w**3 - 6*w**2 + 6*w - 7. Let z be l(-7). Suppose z = 5*o - 0*o + 15. Let a = o + 4. What is the units digit of a?
1
Let d = -1 - -3. Suppose -d*v - 3*v = -45. Suppose v*i - 60 = 4*i. What is the tens digit of i?
1
Suppose 0 = 5*d + 5*r - 450, 4*r - 3*r = 3*d - 270. What is the tens digit of d?
9
Let t be 0/(-2 - (-7 + 3)). Suppose 4*c + c - 65 = t. What is the tens digit of c?
1
Suppose 100 = 4*x + 4*y, -y + 5 = -0*y. Suppose -4 + 13 = 3*m, -p - m = -x. What is the tens digit of p?
1
Suppose 2 + 33 = 3*u + 5*t, -2*t + 33 = 5*u. Suppose -u*l - 6 = -56. What is the units digit of l?
0
Suppose -4*a = -13*a + 1566. What is the units digit of a?
4
Let m be 52 + -6 - (-1 + 1). Let z = m + -15. What is the units digit of z?
1
Suppose n + 32 = 2*n. What is the tens digit of n?
3
Let c(g) be the first derivative of 1 + g**2 + g - 2 - 1. What is the units digit of c(1)?
3
Let y(c) = c + 11. What is the units digit of y(-10)?
1
Let b = -161 + 336. What is the units digit of b?
5
Suppose -2*k - g = 2*g - 61, 4*k - g - 129 = 0. Suppose 2*u + 5*d - k = 0, u + 3*d + 5 = 2*u. What is the tens digit of u?
1
Let q(h) = 9*h**2 - 2*h - 1. Let r be q(4). Suppose -2*l = 3*l - r. What is the units digit of l?
7
Suppose 2*i - 4*b - 58 = 0, 5*i - 3*b - 131 = -0*b. Suppose 5*f - 5*r = 90, 2*f + 2*r = i - 1. What is the tens digit of f?
1
What is the tens digit of ((-4)/8)/((-1635)/(-546) + -3)?
9
Suppose -k - 46 + 346 = 2*j, 5*k = j - 139. What is the units digit of j?
9
Let b(m) = m**2 - 10*m - 15. Let w be b(11). Let q = w - -8. What is the units digit of (-1 - 7)/(q - 5)?
8
Suppose -5*g + 50 = 3*u - 22, 4*g + 4*u - 64 = 0. What is the tens digit of g?
1
Let f(p) = p**2 - 9*p - 3. What is the units digit of f(10)?
7
Suppose -2*q + 8*m - 3*m = 9, 0 = 2*q - 4*m + 6. Suppose 18 = -q*j + 4*j. What is the units digit of j?
8
Let q be 2/((-1)/(-1)) + 2. Suppose -2 = -3*a + q. What is the units digit of a?
2
Let g = 303 - 18. What is the units digit of (-2)/8 + g/20?
4
Suppose 0 = -4*b + u + 146, 0 = -2*b - u - 4*u + 62. Suppose 2*m = -m + z + 73, m = -2*z + b. What is the tens digit of m?
2
Let a(b) = -b + 8. Let w be a(6). Suppose 0 = 4*j - w*p - 30, 2*j - 3*j = 2*p. What is the units digit of j?
6
Let c(s) be the second derivative of s**5/60 + s**4/24 - 2*s**3/3 + s**2/2 + s. Let z(y) be the first derivative of c(y). What is the units digit of z(-3)?
2
Suppose -3*r = -2*r + 3*f - 5, -4*r + 20 = 5*f. Suppose 5*o = r*u - 10, -2*o = 3*o + 2*u - 18. What is the units digit of 8/o - (-1 - -2)?
3
Suppose 3*b - 2*n - 217 = -45, 0 = 2*b + 5*n - 102. Suppose -v + b = -0*v. What is the units digit of v?
6
Suppose -5*f + 4*k + 2 = 5*k, -k = -f + 4. What is the units digit of f?
1
Suppose 21 = -6*b + 99. What is the units digit of b?
3
Let o(s) = s**3 + 4*s**2 + 4*s. Let l be o(-3). Let k be 4/(-12) - 25/l. Suppose 14 = -3*f - 5*t, 0 = 2*f + 3*t + k. What is the units digit of f?
2
What is the tens digit of ((-4)/6 - -1) + 194/3?
6
Suppose -2*g + 0*b = -4*b - 296, -4*g = -4*b - 596. What is the tens digit of g?
5
Suppose 72 = 3*r - 0*r. What is the units digit of r?
4
Let i(g) = -g**2 - 6*g - 3. Let u be i(-5). Suppose -u*v + 84 = 2*v. What is the units digit of v?
1
Let u(g) = 2*g**3 - 3*g**2 - 3*g - 4. Let i = 4 - 1. What is the units digit of u(i)?
4
Let n = 7 - 4. Let s = n + 10. Suppose -3*m = -4*m + s. What is the tens digit of m?
1
Let g(x) = -x**2 + 15*x - 6. Suppose -7 = 3*w - 28. Let i be g(w). Suppose -5*o - 10 + i = 0. What is the units digit of o?
8
What is the tens digit of (100/(-6))/(4/(-6))?
2
Let u be (-2)/4 - (-15)